s the units digit of 3858?
8
What is the thousands digit of 1313?
1
What is the units digit of 183587?
7
What is the units digit of 6490?
0
What is the hundreds digit of 668?
6
What is the thousands digit of 1074?
1
What is the thousands digit of 43619?
3
What is the thousands digit of 29243?
9
What is the units digit of 646?
6
What is the thousands digit of 3264?
3
What is the thousands digit of 7047?
7
What is the units digit of 1228?
8
What is the thousands digit of 5018?
5
What is the thousands digit of 1090?
1
What is the units digit of 3133?
3
What is the units digit of 9292?
2
What is the tens digit of 72129?
2
What is the hundreds digit of 4335?
3
What is the units digit of 17717?
7
What is the tens digit of 11516?
1
What is the units digit of 4762?
2
What is the hundreds digit of 72487?
4
What is the units digit of 15086?
6
What is the hundreds digit of 398?
3
What is the thousands digit of 23939?
3
What is the units digit of 2121?
1
What is the units digit of 14603?
3
What is the ten thousands digit of 55229?
5
What is the thousands digit of 3789?
3
What is the tens digit of 10490?
9
What is the tens digit of 4864?
6
What is the units digit of 663?
3
What is the units digit of 19?
9
What is the thousands digit of 117101?
7
What is the thousands digit of 1048?
1
What is the hundreds digit of 2884?
8
What is the units digit of 11245?
5
What is the ten thousands digit of 46980?
4
What is the hundreds digit of 16934?
9
What is the hundreds digit of 2055?
0
What is the hundreds digit of 16222?
2
What is the hundreds digit of 45626?
6
What is the thousands digit of 4168?
4
What is the units digit of 2607?
7
What is the tens digit of 851?
5
What is the thousands digit of 16525?
6
What is the units digit of 102727?
7
What is the tens digit of 1759?
5
What is the units digit of 29588?
8
What is the tens digit of 24822?
2
What is the tens digit of 1668?
6
What is the tens digit of 1188?
8
What is the hundreds digit of 19067?
0
What is the thousands digit of 2111?
2
What is the thousands digit of 20936?
0
What is the tens digit of 14?
1
What is the tens digit of 1302?
0
What is the units digit of 2876?
6
What is the hundreds digit of 2765?
7
What is the tens digit of 3612?
1
What is the units digit of 5006?
6
What is the thousands digit of 65528?
5
What is the tens digit of 10774?
7
What is the hundreds digit of 69387?
3
What is the hundreds digit of 1410?
4
What is the hundreds digit of 367?
3
What is the hundreds digit of 1835?
8
What is the thousands digit of 1972?
1
What is the thousands digit of 3976?
3
What is the tens digit of 7831?
3
What is the tens digit of 2787?
8
What is the units digit of 2839?
9
What is the units digit of 1?
1
What is the ten thousands digit of 105828?
0
What is the tens digit of 736?
3
What is the units digit of 1046?
6
What is the thousands digit of 2414?
2
What is the hundreds digit of 1139?
1
What is the hundreds digit of 67186?
1
What is the units digit of 632?
2
What is the tens digit of 74668?
6
What is the ten thousands digit of 11420?
1
What is the hundreds digit of 224?
2
What is the ten thousands digit of 10462?
1
What is the hundreds digit of 6437?
4
What is the units digit of 670?
0
What is the units digit of 1470?
0
What is the thousands digit of 4035?
4
What is the thousands digit of 44491?
4
What is the units digit of 823?
3
What is the units digit of 953?
3
What is the units digit of 8240?
0
What is the units digit of 127?
7
What is the units digit of 76422?
2
What is the tens digit of 1030?
3
What is the thousands digit of 13916?
3
What is the thousands digit of 8303?
8
What is the ten thousands digit of 107075?
0
What is the tens digit of 4389?
8
What is the hundred thousands digit of 195637?
1
What is the units digit of 258?
8
What is the thousands digit of 7241?
7
What is the ten thousands digit of 21502?
2
What is the thousands digit of 140233?
0
What is the hundreds digit of 737?
7
What is the units digit of 159?
9
What is the hundreds digit of 94039?
0
What is the tens digit of 131?
3
What is the hundreds digit of 36452?
4
What is the units digit of 10?
0
What is the tens digit of 3216?
1
What is the units digit of 1460?
0
What is the hundreds digit of 29977?
9
What is the thousands digit of 8724?
8
What is the hundreds digit of 1344?
3
What is the units digit of 42591?
1
What is the thousands digit of 3664?
3
What is the tens digit of 2569?
6
What is the hundreds digit of 3401?
4
What is the tens digit of 1688?
8
What is the ten thousands digit of 28219?
2
What is the thousands digit of 68383?
8
What is the thousands digit of 46111?
6
What is the ten thousands digit of 13131?
1
What is the units digit of 216?
6
What is the hundreds digit of 5106?
1
What is the units digit of 48643?
3
What is the hundreds digit of 72778?
7
What is the hundreds digit of 39749?
7
What is the units digit of 8745?
5
What is the units digit of 37146?
6
What is the tens digit of 18257?
5
What is the hundreds digit of 190?
1
What is the thousands digit of 129276?
9
What is the thousands digit of 1018?
1
What is the thousands digit of 13123?
3
What is the thousands digit of 3979?
3
What is the hundreds digit of 93271?
2
What is the units digit of 25859?
9
What is the thousands digit of 1309?
1
What is the tens digit of 23697?
9
What is the ten thousands digit of 11085?
1
What is the tens digit of 180?
8
What is the tens digit of 674?
7
What is the thousands digit of 19346?
9
What is the tens digit of 1062?
6
What is the units digit of 3576?
6
What is the tens digit of 841?
4
What is the ten thousands digit of 14116?
1
What is the ten thousands digit of 50058?
5
What is the units digit of 855?
5
What is the hundreds digit of 6775?
7
What is the units digit of 52506?
6
What is the thousands digit of 5570?
5
What is the hundreds digit of 108631?
6
What is the units digit of 4658?
8
What is the units digit of 64359?
9
What is the tens digit of 6158?
5
What is the hundreds digit of 93678?
6
What is the tens digit of 46198?
9
What is the thousands digit of 1795?
1
What is the tens digit of 804?
0
What is the hundreds digit of 3249?
2
What is the units digit of 486?
6
What is the units digit of 1301?
1
What is the hundreds digit of 634?
6
What is the ten thousands digit of 29832?
2
What is the tens digit of 54435?
3
What is the units digit of 165503?
3
What is the tens digit of 20996?
9
What is the hundreds digit of 2680?
6
What is the tens digit of 21599?
9
What is the units digit of 13841?
1
What is the units digit of 425?
5
What is the thousands digit of 64673?
4
What is the hundreds digit of 1688?
6
What is the units digit of 38471?
1
What is the units digit of 15656?
6
What is the thousands digit of 23953?
3
What is the units digit of 605?
5
What is the ten thousands digit of 25193?
2
What is the ten thousands digit of 45392?
4
What is the thousands digit of 3589?
3
What is the hundreds digit of 105821?
8
What is the thousands digit of 10991?
0
What is the thousands digit of 34838?
4
What is the hundreds digit of 598?
5
What is the thousands digit of 1578?
1
What is the thousands digit of 28631?
8
What is the tens digit of 543?
4
What is the units digit of 1092?
2
What is the thousands digit of 11621?
1
What is the hundreds digit of 27565?
5
What is the units digit of 38212?
2
What is the tens digit of 571?
7
What is the ten thousands digit of 13915?
1
What is the hundreds digit of 1139?
1
What is the units digit of 610?
0
What is the hundreds digit of 1282?
2
What is the tens digit of 35938?
3
What is the tens digit of 4370?
7
What is the hundreds digit of 59956?
9
What is the ten thousands digit of 104773?
0
What is the hundreds digit of 23398?
3
What is the units digit of 27595?
5
What is the hundreds digit of 4713?
7
What is the ten thousands digit of 60840?
6
What is the tens digit of 1745?
4
What is the tens digit of 22364?
6
What is the hundreds digit of 417?
4
What is the tens digit of 1042?
4
What is the tens digit of 3675?
7
What is the units digit of 11925?
5
What is the tens digit of 1030?
3
What is the units digit of 4468?
8
What is the units digit of 2059?
9
What is the tens digit of 706?
0
What is the thousands digit of 95280?
5
What is the hundreds digit of 340?
3
What is the thousands digit of 5